[INFO] cloning repository https://github.com/rehwinkel/javadec-rs
[INFO] running `Command { std: "git" "-c" "credential.helper=" "-c" "credential.helper=/workspace/cargo-home/bin/git-credential-null" "clone" "--bare" "https://github.com/rehwinkel/javadec-rs" "/workspace/cache/git-repos/https%3A%2F%2Fgithub.com%2Frehwinkel%2Fjavadec-rs", kill_on_drop: false }`
[INFO] [stderr] Cloning into bare repository '/workspace/cache/git-repos/https%3A%2F%2Fgithub.com%2Frehwinkel%2Fjavadec-rs'...
[INFO] running `Command { std: "git" "rev-parse" "HEAD", kill_on_drop: false }`
[INFO] [stdout] bf6efc2e111bedf14bae973147b17c817ed3bd15
[INFO] checking rehwinkel/javadec-rs against master#af3c6e733a40e671550e0f0f5aeecaa13772ba56 for pr-74989
[INFO] running `Command { std: "git" "clone" "/workspace/cache/git-repos/https%3A%2F%2Fgithub.com%2Frehwinkel%2Fjavadec-rs" "/workspace/builds/worker-4/source", kill_on_drop: false }`
[INFO] [stderr] Cloning into '/workspace/builds/worker-4/source'...
[INFO] [stderr] done.
[INFO] validating manifest of git repo https://github.com/rehwinkel/javadec-rs on toolchain af3c6e733a40e671550e0f0f5aeecaa13772ba56
[INFO] running `Command { std: "/workspace/cargo-home/bin/cargo" "+af3c6e733a40e671550e0f0f5aeecaa13772ba56" "read-manifest" "--manifest-path" "Cargo.toml", kill_on_drop: false }`
[INFO] started tweaking git repo https://github.com/rehwinkel/javadec-rs
[INFO] removed workspace from git repo https://github.com/rehwinkel/javadec-rs
[INFO] removed path dependency javaclass-rs from git repo https://github.com/rehwinkel/javadec-rs
[INFO] finished tweaking git repo https://github.com/rehwinkel/javadec-rs
[INFO] tweaked toml for git repo https://github.com/rehwinkel/javadec-rs written to /workspace/builds/worker-4/source/Cargo.toml
[INFO] crate git repo https://github.com/rehwinkel/javadec-rs already has a lockfile, it will not be regenerated
[INFO] running `Command { std: "/workspace/cargo-home/bin/cargo" "+af3c6e733a40e671550e0f0f5aeecaa13772ba56" "fetch" "--locked" "--manifest-path" "Cargo.toml", kill_on_drop: false }`
[INFO] [stderr]     Updating crates.io index
[INFO] [stderr] error: the lock file /workspace/builds/worker-4/source/Cargo.lock needs to be updated but --locked was passed to prevent this
[INFO] [stderr] If you want to try to generate the lock file without accessing the network, use the --offline flag.
[INFO] the lockfile is outdated, regenerating it
[INFO] running `Command { std: "/workspace/cargo-home/bin/cargo" "+af3c6e733a40e671550e0f0f5aeecaa13772ba56" "generate-lockfile" "--manifest-path" "Cargo.toml" "-Zno-index-update", kill_on_drop: false }`
[INFO] running `Command { std: "/workspace/cargo-home/bin/cargo" "+af3c6e733a40e671550e0f0f5aeecaa13772ba56" "fetch" "--locked" "--manifest-path" "Cargo.toml", kill_on_drop: false }`
[INFO] running `Command { std: "docker" "create" "-v" "/var/lib/crater-agent-workspace/builds/worker-4/target:/opt/rustwide/target:rw,Z" "-v" "/var/lib/crater-agent-workspace/builds/worker-4/source:/opt/rustwide/workdir:ro,Z" "-v" "/var/lib/crater-agent-workspace/cargo-home:/opt/rustwide/cargo-home:ro,Z" "-v" "/var/lib/crater-agent-workspace/rustup-home:/opt/rustwide/rustup-home:ro,Z" "-e" "SOURCE_DIR=/opt/rustwide/workdir" "-e" "CARGO_TARGET_DIR=/opt/rustwide/target" "-e" "CARGO_HOME=/opt/rustwide/cargo-home" "-e" "RUSTUP_HOME=/opt/rustwide/rustup-home" "-w" "/opt/rustwide/workdir" "-m" "1610612736" "--user" "0:0" "--network" "none" "rustops/crates-build-env@sha256:d92eaeed33fa75130ca1ee6c8a01d1ffb62bac859dfdfb3450e3e5d1c0146529" "/opt/rustwide/cargo-home/bin/cargo" "+af3c6e733a40e671550e0f0f5aeecaa13772ba56" "metadata" "--no-deps" "--format-version=1", kill_on_drop: false }`
[INFO] [stdout] e0bb61ee244770f794412371e1d2fc13f1eccf7eec7ce258811e2da84571d02a
[INFO] [stderr] WARNING: Your kernel does not support swap limit capabilities or the cgroup is not mounted. Memory limited without swap.
[INFO] running `Command { std: "docker" "start" "-a" "e0bb61ee244770f794412371e1d2fc13f1eccf7eec7ce258811e2da84571d02a", kill_on_drop: false }`
[INFO] running `Command { std: "docker" "inspect" "e0bb61ee244770f794412371e1d2fc13f1eccf7eec7ce258811e2da84571d02a", kill_on_drop: false }`
[INFO] running `Command { std: "docker" "rm" "-f" "e0bb61ee244770f794412371e1d2fc13f1eccf7eec7ce258811e2da84571d02a", kill_on_drop: false }`
[INFO] [stdout] e0bb61ee244770f794412371e1d2fc13f1eccf7eec7ce258811e2da84571d02a
[INFO] running `Command { std: "docker" "create" "-v" "/var/lib/crater-agent-workspace/builds/worker-4/target:/opt/rustwide/target:rw,Z" "-v" "/var/lib/crater-agent-workspace/builds/worker-4/source:/opt/rustwide/workdir:ro,Z" "-v" "/var/lib/crater-agent-workspace/cargo-home:/opt/rustwide/cargo-home:ro,Z" "-v" "/var/lib/crater-agent-workspace/rustup-home:/opt/rustwide/rustup-home:ro,Z" "-e" "SOURCE_DIR=/opt/rustwide/workdir" "-e" "CARGO_TARGET_DIR=/opt/rustwide/target" "-e" "CARGO_INCREMENTAL=0" "-e" "RUST_BACKTRACE=full" "-e" "RUSTFLAGS=--cap-lints=forbid" "-e" "CARGO_HOME=/opt/rustwide/cargo-home" "-e" "RUSTUP_HOME=/opt/rustwide/rustup-home" "-w" "/opt/rustwide/workdir" "-m" "1610612736" "--user" "0:0" "--network" "none" "rustops/crates-build-env@sha256:d92eaeed33fa75130ca1ee6c8a01d1ffb62bac859dfdfb3450e3e5d1c0146529" "/opt/rustwide/cargo-home/bin/cargo" "+af3c6e733a40e671550e0f0f5aeecaa13772ba56" "check" "--frozen" "--all" "--all-targets" "--message-format=json", kill_on_drop: false }`
[INFO] [stdout] 06cfc10d03dadcfcef18fb8f781f534f3defea25a4e1ba1df29e50972ef915ca
[INFO] [stderr] WARNING: Your kernel does not support swap limit capabilities or the cgroup is not mounted. Memory limited without swap.
[INFO] running `Command { std: "docker" "start" "-a" "06cfc10d03dadcfcef18fb8f781f534f3defea25a4e1ba1df29e50972ef915ca", kill_on_drop: false }`
[INFO] [stderr]    Compiling libc v0.2.77
[INFO] [stderr]    Compiling unicode-xid v0.2.1
[INFO] [stderr]    Compiling syn v1.0.41
[INFO] [stderr]    Compiling cc v1.0.59
[INFO] [stderr]    Compiling pkg-config v0.3.18
[INFO] [stderr]    Compiling crc32fast v1.2.0
[INFO] [stderr]    Compiling bitflags v1.2.1
[INFO] [stderr]     Checking cfg-if v0.1.10
[INFO] [stderr]    Compiling byteorder v1.3.4
[INFO] [stderr]     Checking unicode-width v0.1.8
[INFO] [stderr]     Checking vec_map v0.8.2
[INFO] [stderr]     Checking strsim v0.8.0
[INFO] [stderr]     Checking miniz_oxide v0.3.7
[INFO] [stderr]    Compiling proc-macro2 v1.0.21
[INFO] [stderr]     Checking textwrap v0.11.0
[INFO] [stderr]    Compiling quote v1.0.7
[INFO] [stderr]     Checking flate2 v1.0.14
[INFO] [stderr]     Checking time v0.1.44
[INFO] [stderr]     Checking atty v0.2.14
[INFO] [stderr]     Checking clap v2.33.3
[INFO] [stderr]    Compiling bzip2-sys v0.1.9+1.0.8
[INFO] [stderr]     Checking bzip2 v0.3.3
[INFO] [stderr]    Compiling serde_derive v1.0.116
[INFO] [stderr]    Compiling thiserror-impl v1.0.20
[INFO] [stderr]     Checking thiserror v1.0.20
[INFO] [stderr]     Checking zip v0.5.8
[INFO] [stderr]     Checking serde v1.0.116
[INFO] [stderr]     Checking javaclass-rs v0.1.0
[INFO] [stderr]     Checking javadec-rs v0.1.0 (/opt/rustwide/workdir)
[INFO] [stdout] error[E0432]: unresolved imports `javaclass::ConstClassData`, `javaclass::ConstFieldData`, `javaclass::ConstMethodData`
[INFO] [stdout]  --> src/lib.rs:5:17
[INFO] [stdout]   |
[INFO] [stdout] 5 | use javaclass::{ConstClassData, ConstFieldData, ConstMethodData};
[INFO] [stdout]   |                 ^^^^^^^^^^^^^^  ^^^^^^^^^^^^^^  ^^^^^^^^^^^^^^^ no `ConstMethodData` in the root
[INFO] [stdout]   |                 |               |
[INFO] [stdout]   |                 |               no `ConstFieldData` in the root
[INFO] [stdout]   |                 no `ConstClassData` in the root
[INFO] [stdout] 
[INFO] [stdout] 
[INFO] [stdout] error[E0432]: unresolved imports `javaclass::ConstClassData`, `javaclass::ConstFieldData`, `javaclass::ConstMethodData`
[INFO] [stdout]  --> src/lib.rs:5:17
[INFO] [stdout]   |
[INFO] [stdout] 5 | use javaclass::{ConstClassData, ConstFieldData, ConstMethodData};
[INFO] [stdout]   |                 ^^^^^^^^^^^^^^  ^^^^^^^^^^^^^^  ^^^^^^^^^^^^^^^ no `ConstMethodData` in the root
[INFO] [stdout]   |                 |               |
[INFO] [stdout]   |                 |               no `ConstFieldData` in the root
[INFO] [stdout]   |                 no `ConstClassData` in the root
[INFO] [stdout] 
[INFO] [stdout] 
[INFO] [stdout] error[E0599]: no method named `get_method_or_interface_entry` found for reference `&ConstantPool` in the current scope
[INFO] [stdout]    --> src/lib.rs:545:44
[INFO] [stdout]     |
[INFO] [stdout] 545 |                 let method = constant_pool.get_method_or_interface_entry(*index)?;
[INFO] [stdout]     |                                            ^^^^^^^^^^^^^^^^^^^^^^^^^^^^^ method not found in `&ConstantPool`
[INFO] [stdout] 
[INFO] [stdout] 
[INFO] [stdout] error[E0599]: no method named `get_method_or_interface_entry` found for reference `&ConstantPool` in the current scope
[INFO] [stdout]    --> src/lib.rs:545:44
[INFO] [stdout]     |
[INFO] [stdout] 545 |                 let method = constant_pool.get_method_or_interface_entry(*index)?;
[INFO] [stdout]     |                                            ^^^^^^^^^^^^^^^^^^^^^^^^^^^^^ method not found in `&ConstantPool`
[INFO] [stdout] 
[INFO] [stdout] 
[INFO] [stdout] error[E0599]: no method named `get_field_entry` found for reference `&ConstantPool` in the current scope
[INFO] [stdout]    --> src/lib.rs:583:43
[INFO] [stdout]     |
[INFO] [stdout] 583 |                 let field = constant_pool.get_field_entry(*index)?;
[INFO] [stdout]     |                                           ^^^^^^^^^^^^^^^ help: there is an associated function with a similar name: `get_utf8_entry`
[INFO] [stdout] 
[INFO] [stdout] 
[INFO] [stdout] error[E0599]: no method named `get_class_entry` found for reference `&ConstantPool` in the current scope
[INFO] [stdout]    --> src/lib.rs:617:47
[INFO] [stdout]     |
[INFO] [stdout] 617 |                 let cast_type = constant_pool.get_class_entry(*index)?;
[INFO] [stdout]     |                                               ^^^^^^^^^^^^^^^ help: there is an associated function with a similar name: `get_utf8_entry`
[INFO] [stdout] 
[INFO] [stdout] 
[INFO] [stdout] error[E0599]: no method named `get_field_entry` found for reference `&ConstantPool` in the current scope
[INFO] [stdout]    --> src/lib.rs:583:43
[INFO] [stdout]     |
[INFO] [stdout] 583 |                 let field = constant_pool.get_field_entry(*index)?;
[INFO] [stdout]     |                                           ^^^^^^^^^^^^^^^ help: there is an associated function with a similar name: `get_utf8_entry`
[INFO] [stdout] 
[INFO] [stdout] 
[INFO] [stdout] error[E0599]: no method named `get_class_entry` found for reference `&ConstantPool` in the current scope
[INFO] [stdout]    --> src/lib.rs:617:47
[INFO] [stdout]     |
[INFO] [stdout] 617 |                 let cast_type = constant_pool.get_class_entry(*index)?;
[INFO] [stdout]     |                                               ^^^^^^^^^^^^^^^ help: there is an associated function with a similar name: `get_utf8_entry`
[INFO] [stdout] 
[INFO] [stdout] 
[INFO] [stdout] error: aborting due to 4 previous errors
[INFO] [stdout] 
[INFO] [stdout] 
[INFO] [stdout] Some errors have detailed explanations: E0432, E0599.
[INFO] [stdout] 
[INFO] [stdout] For more information about an error, try `rustc --explain E0432`.
[INFO] [stdout] 
[INFO] [stderr] error: could not compile `javadec-rs`.
[INFO] [stdout] error: aborting due to 4 previous errors
[INFO] [stdout] 
[INFO] [stdout] 
[INFO] [stderr] 
[INFO] [stdout] Some errors have detailed explanations: E0432, E0599.
[INFO] [stdout] 
[INFO] [stderr] To learn more, run the command again with --verbose.
[INFO] [stdout] For more information about an error, try `rustc --explain E0432`.
[INFO] [stdout] 
[INFO] [stderr] warning: build failed, waiting for other jobs to finish...
[INFO] [stderr] error: build failed
[INFO] running `Command { std: "docker" "inspect" "06cfc10d03dadcfcef18fb8f781f534f3defea25a4e1ba1df29e50972ef915ca", kill_on_drop: false }`
[INFO] running `Command { std: "docker" "rm" "-f" "06cfc10d03dadcfcef18fb8f781f534f3defea25a4e1ba1df29e50972ef915ca", kill_on_drop: false }`
[INFO] [stdout] 06cfc10d03dadcfcef18fb8f781f534f3defea25a4e1ba1df29e50972ef915ca
